{"id":5036,"date":"2025-05-07T14:01:50","date_gmt":"2025-05-07T18:01:50","guid":{"rendered":"https:\/\/lacantinepourtous.enconstruction.website\/?post_type=traiteur&#038;p=5036"},"modified":"2026-07-29T11:23:53","modified_gmt":"2026-07-29T15:23:53","slug":"la-cooperative-de-solidarite-de-services-a-domicile-de-quebec","status":"publish","type":"traiteur","link":"https:\/\/lacantinepourtous.org\/en\/traiteur\/la-cooperative-de-solidarite-de-services-a-domicile-de-quebec\/","title":{"rendered":"La Coop\u00e9rative de solidarit\u00e9 de services \u00e0 domicile de Qu\u00e9bec"},"featured_media":5038,"template":"","meta":{"_acf_changed":false,"inline_featured_image":false},"programme":[29],"region-administrative":[70],"class_list":["post-5036","traiteur","type-traiteur","status-publish","has-post-thumbnail","programme-lcad","region-administrative-capitale-nationale"],"acf":[],"_links":{"self":[{"href":"https:\/\/lacantinepourtous.org\/en\/wp-json\/wp\/v2\/traiteur\/5036","targetHints":{"allow":["GET"]}}],"collection":[{"href":"https:\/\/lacantinepourtous.org\/en\/wp-json\/wp\/v2\/traiteur"}],"about":[{"href":"https:\/\/lacantinepourtous.org\/en\/wp-json\/wp\/v2\/types\/traiteur"}],"wp:featuredmedia":[{"embeddable":true,"href":"https:\/\/lacantinepourtous.org\/en\/wp-json\/wp\/v2\/media\/5038"}],"wp:attachment":[{"href":"https:\/\/lacantinepourtous.org\/en\/wp-json\/wp\/v2\/media?parent=5036"}],"wp:term":[{"taxonomy":"programme","embeddable":true,"href":"https:\/\/lacantinepourtous.org\/en\/wp-json\/wp\/v2\/programme?post=5036"},{"taxonomy":"region-administrative","embeddable":true,"href":"https:\/\/lacantinepourtous.org\/en\/wp-json\/wp\/v2\/region-administrative?post=5036"}],"curies":[{"name":"wp","href":"https:\/\/api.w.org\/{rel}","templated":true}]}}

La Coopérative de solidarité de services à domicile de Québec
