{"id":2369,"date":"2025-02-17T17:02:58","date_gmt":"2025-02-17T22:02:58","guid":{"rendered":"https:\/\/lacantinepourtous.org\/?post_type=traiteur&#038;p=2369"},"modified":"2025-11-27T17:11:34","modified_gmt":"2025-11-27T22:11:34","slug":"pole-des-entreprises-deconomie-sociale-de-la-region-de-la-capitale-nationale-pole-cn","status":"publish","type":"traiteur","link":"https:\/\/lacantinepourtous.org\/en\/traiteur\/pole-des-entreprises-deconomie-sociale-de-la-region-de-la-capitale-nationale-pole-cn\/","title":{"rendered":"P\u00f4le des entreprises d\u2019\u00e9conomie sociale de la r\u00e9gion de la Capitale-Nationale (P\u00f4le CN)"},"featured_media":2370,"template":"","meta":{"_acf_changed":false,"inline_featured_image":false},"programme":[76],"region-administrative":[70],"class_list":["post-2369","traiteur","type-traiteur","status-publish","has-post-thumbnail","programme-membre-associe","region-administrative-capitale-nationale"],"acf":[],"_links":{"self":[{"href":"https:\/\/lacantinepourtous.org\/en\/wp-json\/wp\/v2\/traiteur\/2369","targetHints":{"allow":["GET"]}}],"collection":[{"href":"https:\/\/lacantinepourtous.org\/en\/wp-json\/wp\/v2\/traiteur"}],"about":[{"href":"https:\/\/lacantinepourtous.org\/en\/wp-json\/wp\/v2\/types\/traiteur"}],"wp:featuredmedia":[{"embeddable":true,"href":"https:\/\/lacantinepourtous.org\/en\/wp-json\/wp\/v2\/media\/2370"}],"wp:attachment":[{"href":"https:\/\/lacantinepourtous.org\/en\/wp-json\/wp\/v2\/media?parent=2369"}],"wp:term":[{"taxonomy":"programme","embeddable":true,"href":"https:\/\/lacantinepourtous.org\/en\/wp-json\/wp\/v2\/programme?post=2369"},{"taxonomy":"region-administrative","embeddable":true,"href":"https:\/\/lacantinepourtous.org\/en\/wp-json\/wp\/v2\/region-administrative?post=2369"}],"curies":[{"name":"wp","href":"https:\/\/api.w.org\/{rel}","templated":true}]}}

Pôle des entreprises d’économie sociale de la région de la Capitale-Nationale (Pôle CN)
